lculate the greatest common factor of 260 and 1720.
20
Calculate the highest common divisor of 437 and 152.
19
Calculate the greatest common divisor of 47 and 1927.
47
Calculate the greatest common divisor of 2106 and 52.
26
Calculate the highest common divisor of 159 and 689.
53
Calculate the greatest common factor of 8350 and 200.
50
What is the highest common divisor of 61 and 61?
61
What is the greatest common factor of 55 and 25?
5
Calculate the highest common divisor of 19537 and 7.
7
Calculate the highest common factor of 40 and 190.
10
Calculate the highest common divisor of 56 and 35.
7
Calculate the greatest common factor of 16 and 2.
2
What is the greatest common factor of 837 and 27?
27
Calculate the greatest common factor of 16329 and 6.
3
What is the highest common factor of 8 and 244?
4
Calculate the greatest common factor of 44 and 76.
4
Calculate the highest common factor of 60 and 1035.
15
What is the highest common factor of 8 and 6104?
8
What is the greatest common factor of 92 and 23?
23
Calculate the greatest common factor of 9 and 1791.
9
Calculate the highest common divisor of 869 and 11.
11
What is the highest common divisor of 65 and 910?
65
What is the highest common divisor of 520 and 455?
65
Calculate the highest common factor of 1875 and 45.
15
Calculate the highest common factor of 112 and 308.
28
Calculate the greatest common factor of 18 and 2358.
18
Calculate the greatest common factor of 67 and 536.
67
Calculate the greatest common divisor of 123 and 1968.
123
What is the greatest common divisor of 18 and 12?
6
What is the highest common factor of 200 and 24?
8
What is the highest common divisor of 13 and 91?
13
What is the highest common divisor of 5504 and 1024?
128
What is the highest common divisor of 759 and 414?
69
Calculate the highest common divisor of 18624 and 873.
291
What is the highest common factor of 700 and 275?
25
Calculate the greatest common divisor of 256 and 416.
32
Calculate the highest common divisor of 20 and 115.
5
What is the highest common factor of 828 and 180?
36
Calculate the highest common factor of 2641 and 19.
19
What is the greatest common factor of 2472 and 96?
24
Calculate the highest common factor of 273 and 21.
21
Calculate the greatest common factor of 16 and 4208.
16
What is the highest common factor of 96 and 156?
12
Calculate the greatest common divisor of 84 and 1722.
42
Calculate the highest common factor of 104 and 52.
52
Calculate the greatest common divisor of 345 and 4945.
115
Calculate the greatest common divisor of 33 and 759.
33
Calculate the highest common divisor of 24 and 234.
6
Calculate the highest common divisor of 78 and 429.
39
Calculate the greatest common factor of 320 and 380.
20
What is the greatest common factor of 1 and 19?
1
Calculate the greatest common factor of 162 and 9288.
54
What is the highest common divisor of 24 and 372?
12
Calculate the greatest common divisor of 28 and 49.
7
Calculate the highest common factor of 9 and 2787.
3
Calculate the greatest common divisor of 98 and 735.
49
What is the highest common factor of 1017 and 36?
9
Calculate the greatest common divisor of 26 and 1209.
13
Calculate the highest common divisor of 407 and 242.
11
What is the highest common divisor of 15 and 4665?
15
Calculate the greatest common divisor of 405 and 9.
9
What is the greatest common factor of 25 and 450?
25
What is the highest common divisor of 134 and 1943?
67
Calculate the greatest common divisor of 646 and 76.
38
Calculate the greatest common factor of 123 and 48.
3
Calculate the greatest common divisor of 200 and 120.
40
What is the highest common factor of 22 and 18?
2
What is the highest common divisor of 1817 and 1219?
23
What is the highest common divisor of 6138 and 48?
6
What is the highest common factor of 432 and 16?
16
Calculate the highest common divisor of 3 and 33.
3
Calculate the greatest common factor of 37 and 1184.
37
Calculate the highest common factor of 10556 and 232.
116
What is the highest common divisor of 106488 and 34?
34
Calculate the greatest common factor of 810 and 27.
27
Calculate the highest common divisor of 781 and 22.
11
Calculate the greatest common factor of 22 and 913.
11
What is the highest common factor of 6 and 456?
6
Calculate the highest common factor of 2108 and 17.
17
What is the greatest common divisor of 207 and 9?
9
Calculate the greatest common factor of 4323 and 66.
33
Calculate the highest common divisor of 47 and 611.
47
What is the greatest common divisor of 368 and 506?
46
Calculate the highest common divisor of 112 and 1148.
28
What is the highest common divisor of 366 and 138?
6
Calculate the greatest common factor of 715 and 13.
13
What is the highest common divisor of 309 and 515?
103
Calculate the greatest common factor of 27 and 4833.
27
Calculate the highest common divisor of 112 and 4592.
112
Calculate the greatest common factor of 1 and 463.
1
Calculate the highest common factor of 1 and 2206.
1
What is the greatest common divisor of 21 and 7?
7
What is the highest common factor of 3 and 19821?
3
What is the greatest common divisor of 189 and 154?
7
What is the greatest common factor of 11 and 1001?
11
What is the greatest common divisor of 32 and 11536?
16
What is the greatest common divisor of 150 and 780?
30
Calculate the highest common divisor of 408 and 84.
12
Calculate the highest common divisor of 544 and 51.
17
Calculate the highest common divisor of 18 and 1056.
6
Calculate the highest common factor of 89 and 1157.
89
What is the highest common divisor of 2004 and 36?
12
What is the highest common divisor of 240 and 105?
15
Calculate the highest common divisor of 1539 and 418.
19
What is the highest common divisor of 58 and 203?
29
Calculate the greatest common factor of 345 and 28635.
345
Calculate the greatest common divisor of 77 and 99.
11
What is the greatest common divisor of 33 and 341?
11
Calculate the greatest common divisor of 87 and 319.
29
Calculate the highest common divisor of 39 and 1911.
39
What is the greatest common divisor of 1992 and 913?
83
What is the greatest common divisor of 2167 and 33?
11
What is the highest common factor of 446 and 36349?
223
Calculate the highest common factor of 1971 and 146.
73
What is the greatest common divisor of 29779 and 194?
97
Calculate the greatest common factor of 13 and 179.
1
Calculate the highest common divisor of 124 and 496.
124
What is the highest common divisor of 7239 and 38?
19
Calculate the greatest common factor of 182 and 574.
14
What is the highest common divisor of 8 and 296?
8
Calculate the highest common divisor of 154 and 92554.
154
Calculate the highest common factor of 5475 and 225.
75
What is the greatest common divisor of 3255 and 155?
155
Calculate the greatest common factor of 15041 and 169.
169
What is the highest common divisor of 8657 and 121?
11
Calculate the highest common factor of 8308 and 62.
62
Calculate the highest common factor of 459 and 27.
27
What is the highest common factor of 126 and 658?
14
What is the highest common factor of 37 and 19351?
37
What is the greatest common factor of 2 and 201?
1
What is the greatest common divisor of 5 and 185?
5
Calculate the highest common divisor of 138 and 115.
23
What is the highest common divisor of 1305 and 45?
45
Calculate the highest common factor of 33 and 2673.
33
What is the highest common factor of 130 and 310?
10
Calculate the highest common divisor of 5 and 80.
5
Calculate the highest common factor of 1102 and 152.
38
Calculate the highest common divisor of 120 and 200.
40
What is the greatest common factor of 108 and 360?
36
What is the greatest common factor of 832 and 52?
52
What is the highest common factor of 2 and 16?
2
Calculate the highest common divisor of 18 and 43218.
18
What is the highest common factor of 85 and 272?
17
What is the highest common divisor of 13 and 34567?
13
What is the highest common divisor of 4796 and 44?
44
What is the greatest common factor of 63 and 855?
9
What is the highest common divisor of 25 and 425?
25
What is the highest common factor of 5 and 2740?
5
Calculate the highest common factor of 1326 and 85.
17
Calculate the highest common divisor of 294 and 25970.
98
Calculate the hi